{"id":322,"date":"2021-05-26T14:09:30","date_gmt":"2021-05-26T13:09:30","guid":{"rendered":"https:\/\/virtualperson.org\/deja-vu\/?page_id=322"},"modified":"2022-06-27T20:59:57","modified_gmt":"2022-06-27T19:59:57","slug":"3-personnages","status":"publish","type":"page","link":"https:\/\/virtualperson.org\/deja-vu\/3-personnages\/","title":{"rendered":"3-Personnages"},"content":{"rendered":"<p><span style=\"color: #000000;\"><span style=\"font-family: AvenirNextCondensed-Regular;\"><span style=\"font-size: small;\">Semaine 3 (du 19 &amp; 23 septembre 2022)\u00a0:<br \/>\n<\/span><\/span><\/span><span style=\"color: #000000;\"><span style=\"font-family: Avenir Next Condensed;\"><span style=\"font-size: small;\"><b>Personnages<br \/>\nContenus: <\/b><\/span><\/span><\/span><span style=\"color: #000000;\"><span style=\"font-family: Avenir Next Condensed;\"><span style=\"font-size: small;\">Les Personnages dans la cr\u00e9ation artistique<\/span><\/span><\/span><\/p>\n<p><span style=\"font-family: Avenir Next Condensed;\"><span style=\"font-size: small;\"> -l&#8217;auteur\/le narrateur\/le personnage, qui dit \u201cje\u201d?<\/span><\/span><\/p>\n<p><span style=\"font-family: Avenir Next Condensed;\"><span style=\"font-size: small;\"> -Le nom de l&#8217;auteur: l&#8217;anonymit\u00e9, les pseudonymes, les h\u00e9t\u00e9ronymes, <\/span><\/span><\/p>\n<p><span style=\"font-family: Avenir Next Condensed;\"><span style=\"font-size: small;\"> -Les avatars, les robots, les assistants en ligne de sites commerciaux, etc&#8230;<\/span><\/span><\/p>\n<p><span style=\"font-family: Avenir Next Condensed;\"><span style=\"font-size: small;\"> -les personnages virtuels, pr\u00e9sence en ligne, oeuvres ou auteurs?<\/span><\/span><\/p>\n<p><strong><a href=\"https:\/\/starts-prize.aec.at\/en\/holly-plus\/\" target=\"_blank\" rel=\"noopener\">Holly Herndon<\/a><\/strong><\/p>\n<p><span style=\"font-family: Avenir Next Condensed;\"><span style=\"font-size: small;\"><b>Atelier collectif: <\/b><\/span><\/span><span style=\"font-family: Avenir Next Condensed;\"><span style=\"font-size: small;\">Centr\u00e9 sur la notion de personnage: exploration des pratiques existantes concernant l&#8217;identit\u00e9, la mise en sc\u00e8ne de soi. Analyse des pratiques populaires, les selfies, les danses et chansons sur TikTok. Envisager tous les niveaux de construction de la personnalit\u00e9, psychologique, social, familial, national.<\/span><\/span><\/p>\n<p><span style=\"color: #000000;\"><span style=\"font-family: Avenir Next Condensed;\"><span style=\"font-size: small;\"><b>Lecture: <\/b><\/span><\/span><\/span><span style=\"color: #000000;\"><span style=\"font-family: Avenir Next Condensed;\"><span style=\"font-size: small;\">textes de chansons de chanteurs\/personnages fran\u00e7ais<\/span><\/span><\/span><\/p>\n<p><strong><a href=\"https:\/\/virtualperson.org\/deja-vu\/_jeanne_dark_\/\" target=\"_blank\" rel=\"noopener\">_Jeanne_dark_<\/a><\/strong><\/p>\n<blockquote class=\"wp-embedded-content\" data-secret=\"KwZYnBeTuB\"><p><a href=\"https:\/\/virtualperson.org\/deja-vu\/_jeanne_dark_\/\">_jeanne_dark_<\/a><\/p><\/blockquote>\n<p><iframe loading=\"lazy\" class=\"wp-embedded-content\" sandbox=\"allow-scripts\" security=\"restricted\" style=\"position: absolute; clip: rect(1px, 1px, 1px, 1px);\" title=\"&#8220;_jeanne_dark_&#8221; &#8212; D\u00e9j\u00e0-vu\" src=\"https:\/\/virtualperson.org\/deja-vu\/_jeanne_dark_\/embed\/#?secret=kAb23UXjSJ#?secret=KwZYnBeTuB\" data-secret=\"KwZYnBeTuB\" width=\"600\" height=\"338\" frameborder=\"0\" marginwidth=\"0\" marginheight=\"0\" scrolling=\"no\"><\/iframe><\/p>\n<p>&nbsp;<\/p>\n<p>&nbsp;<\/p>\n","protected":false},"excerpt":{"rendered":"<p>Semaine 3 (du 19 &amp; 23 septembre 2022)\u00a0: Personnages Contenus: Les Personnages dans la cr\u00e9ation artistique -l&#8217;auteur\/le narrateur\/le personnage, qui dit \u201cje\u201d? -Le nom de l&#8217;auteur: l&#8217;anonymit\u00e9, les pseudonymes, les h\u00e9t\u00e9ronymes, -Les avatars, les robots, les assistants en ligne de sites commerciaux, etc&#8230; -les personnages virtuels, pr\u00e9sence en ligne, oeuvres ou auteurs? Holly Herndon Atelier [&hellip;]<\/p>\n","protected":false},"author":3,"featured_media":0,"parent":0,"menu_order":0,"comment_status":"closed","ping_status":"closed","template":"","meta":{"footnotes":""},"class_list":["post-322","page","type-page","status-publish","hentry"],"_links":{"self":[{"href":"https:\/\/virtualperson.org\/deja-vu\/wp-json\/wp\/v2\/pages\/322","targetHints":{"allow":["GET"]}}],"collection":[{"href":"https:\/\/virtualperson.org\/deja-vu\/wp-json\/wp\/v2\/pages"}],"about":[{"href":"https:\/\/virtualperson.org\/deja-vu\/wp-json\/wp\/v2\/types\/page"}],"author":[{"embeddable":true,"href":"https:\/\/virtualperson.org\/deja-vu\/wp-json\/wp\/v2\/users\/3"}],"replies":[{"embeddable":true,"href":"https:\/\/virtualperson.org\/deja-vu\/wp-json\/wp\/v2\/comments?post=322"}],"version-history":[{"count":7,"href":"https:\/\/virtualperson.org\/deja-vu\/wp-json\/wp\/v2\/pages\/322\/revisions"}],"predecessor-version":[{"id":602,"href":"https:\/\/virtualperson.org\/deja-vu\/wp-json\/wp\/v2\/pages\/322\/revisions\/602"}],"wp:attachment":[{"href":"https:\/\/virtualperson.org\/deja-vu\/wp-json\/wp\/v2\/media?parent=322"}],"curies":[{"name":"wp","href":"https:\/\/api.w.org\/{rel}","templated":true}]}}